ors of 6268024?
2, 7, 19, 43, 137
What are the prime factors of 26789764?
2, 6697441
List the prime factors of 118890.
2, 3, 5, 1321
List the prime factors of 321516.
2, 3, 13, 229
What are the prime factors of 4054200?
2, 3, 5, 29, 233
List the prime factors of 13548982.
2, 107, 63313
List the prime factors of 105585.
3, 5, 7039
List the prime factors of 3160769.
3160769
What are the prime factors of 3092504?
2, 17, 22739
List the prime factors of 1425495.
3, 5, 29, 113
What are the prime factors of 12613898?
2, 11, 17, 29, 1163
List the prime factors of 1000003.
1000003
List the prime factors of 2000294.
2, 37, 27031
What are the prime factors of 924494?
2, 17, 27191
What are the prime factors of 694156?
2, 173539
What are the prime factors of 2979555?
3, 5, 198637
What are the prime factors of 7323733?
7323733
List the prime factors of 10642691.
10642691
List the prime factors of 13286606.
2, 6643303
What are the prime factors of 121591?
121591
What are the prime factors of 497992?
2, 11, 5659
List the prime factors of 15729055.
5, 19, 165569
List the prime factors of 1088880.
2, 3, 5, 13, 349
What are the prime factors of 11362269?
3, 109, 34747
List the prime factors of 132060.
2, 3, 5, 31, 71
List the prime factors of 14982010.
2, 5, 677, 2213
What are the prime factors of 311326?
2, 155663
List the prime factors of 32042918.
2, 16021459
List the prime factors of 1232928.
2, 3, 1427
List the prime factors of 4544638.
2, 7, 324617
What are the prime factors of 229039?
233, 983
What are the prime factors of 188989?
17, 11117
What are the prime factors of 930857?
79, 11783
What are the prime factors of 1866440?
2, 5, 29, 1609
What are the prime factors of 14918466?
2, 3, 397, 6263
What are the prime factors of 728002?
2, 11, 33091
List the prime factors of 40046056.
2, 5005757
List the prime factors of 1141337.
257, 4441
What are the prime factors of 1187214?
2, 3, 7, 23, 1229
List the prime factors of 1870089.
3, 13, 47951
What are the prime factors of 547947?
3, 107, 569
List the prime factors of 122480.
2, 5, 1531
List the prime factors of 1903782.
2, 3, 43, 47, 157
What are the prime factors of 6454355?
5, 31, 41641
List the prime factors of 454137.
3, 151379
What are the prime factors of 3184446?
2, 3, 530741
What are the prime factors of 263035?
5, 31, 1697
What are the prime factors of 2396586?
2, 3, 107, 3733
What are the prime factors of 3275917?
17, 131, 1471
List the prime factors of 382981.
41, 9341
List the prime factors of 1590108.
2, 3, 13, 10193
What are the prime factors of 28321869?
3, 359, 26297
What are the prime factors of 3925191?
3, 19, 68863
List the prime factors of 8564090.
2, 5, 17, 50377
List the prime factors of 2180002.
2, 11, 197, 503
List the prime factors of 5204714.
2, 31, 127, 661
List the prime factors of 7986795.
3, 5, 532453
What are the prime factors of 370585?
5, 137, 541
List the prime factors of 4674586.
2, 7, 379, 881
List the prime factors of 13667850.
2, 3, 5, 7, 4339
What are the prime factors of 230975?
5, 9239
What are the prime factors of 634235?
5, 7, 18121
List the prime factors of 2757015.
3, 5, 197, 311
List the prime factors of 767543.
7, 19, 29, 199
What are the prime factors of 177167?
177167
List the prime factors of 1652288.
2, 11, 2347
List the prime factors of 246087.
3, 37, 739
List the prime factors of 1423376.
2, 17, 5233
What are the prime factors of 266289?
3, 37, 2399
What are the prime factors of 1987128?
2, 3, 11, 13, 193
List the prime factors of 270981.
3, 30109
What are the prime factors of 678767?
678767
List the prime factors of 648154.
2, 13, 97, 257
What are the prime factors of 12992373?
3, 481199
List the prime factors of 6745375.
5, 7, 13, 593
What are the prime factors of 145642?
2, 7, 101, 103
List the prime factors of 768934.
2, 37, 10391
List the prime factors of 324708.
2, 3, 27059
What are the prime factors of 2021023?
197, 10259
List the prime factors of 771365.
5, 7, 22039
List the prime factors of 7273938.
2, 3, 7, 173189
List the prime factors of 2501401.
7, 71, 719
List the prime factors of 65239.
65239
What are the prime factors of 1357590?
2, 3, 5, 13, 59
List the prime factors of 148839.
3, 49613
List the prime factors of 239902.
2, 13, 9227
List the prime factors of 315811.
315811
List the prime factors of 2488080.
2, 3, 5, 7, 1481
What are the prime factors of 1443670?
2, 5, 31, 4657
What are the prime factors of 10186101?
3, 377263
List the prime factors of 19059250.
2, 5, 7, 10891
What are the prime factors of 597943?
73, 8191
What are the prime factors of 1275929?
31, 79, 521
What are the prime factors of 398003?
523, 761
List the prime factors of 41301510.
2, 3, 5, 29, 1637
List the prime factors of 1184261.
13, 91097
What are the prime factors of 10503497?
2719, 3863
List the prime factors of 669740.
2, 5, 33487
What are the prime factors of 16856666?
2, 8428333
What are the prime factors of 2316988?
2, 127, 4561
What are the prime factors of 632594?
2, 316297
What are the prime factors of 247034?
2, 123517
What are the prime factors of 495471?
3, 317, 521
List the prime factors of 187543.
29, 223
What are the prime factors of 4667895?
3, 5, 71, 487
List the prime factors of 239013.
3, 26557
What are the prime factors of 27768928?
2, 11, 78889
List the prime factors of 731257.
731257
What are the prime factors of 2632455?
3, 5, 7, 61, 137
List the prime factors of 586877.
509, 1153
What are the prime factors of 1726237?
1726237
List the prime factors of 733976.
2, 23, 3989
What are the prime factors of 96505?
5, 19301
List the prime factors of 7606438.
2, 7, 311, 1747
List the prime factors of 2941413.
3, 980471
List the prime factors of 453536.
2, 14173
What are the prime factors of 1423649?
37, 109, 353
List the prime factors of 2313390.
2, 3, 5, 59, 1307
What are the prime factors of 2824527?
3, 941509
List the prime factors of 5265506.
2, 1321, 1993
What are the prime factors of 6569282?
2, 43, 76387
What are the prime factors of 210742?
2, 7, 15053
List the prime factors of 6931272.
2, 3, 288803
List the prime factors of 127140.
2, 3, 5, 13, 163
What are the prime factors of 2615653?
2615653
List the prime factors of 28748.
2, 7187
List the prime factors of 21092695.
5, 13, 324503
List the prime factors of 174932.
2, 101, 433
List the prime factors of 1174827.
3, 19, 20611
What are the prime factors of 9381105?
3, 5, 208469
List the prime factors of 168921.
3, 137
What are the prime factors of 5666910?
2, 3, 5, 109, 1733
What are the prime factors of 623013?
3, 207671
List the prime factors of 27409229.
19, 1442591
List the prime factors of 880994.
2, 440497
What are the prime factors of 216916?
2, 7, 61, 127
List the prime factors of 2448540.
2, 3, 5, 61, 223
List the prime factors of 154365.
3, 5, 41, 251
What are the prime factors of 2729727?
3, 7, 11, 13, 101
What are the prime factors of 67545?
3, 5, 19, 79
What are the prime factors of 224220?
2, 3, 5, 37, 101
List the prime factors of 1616050.
2, 5, 32321
What are the prime factors of 2380576?
2, 11, 6763
What are the prime factors of 649150?
2, 5, 12983
What are the prime factors of 1638165?
3, 5, 109211
List the prime factors of 293868.
2, 3, 907
What are the prime factors of 271347?
3, 151, 599
What are the prime factors of 4846195?
5, 969239
What are the prime factors of 228642?
2, 3, 53, 719
List the prime factors of 24421486.
2, 17, 41, 17519
List the prime factors of 1065279.
3, 355093
What are the prime factors of 10512874?
2, 691, 7607
What are the prime factors of 8308627?
61, 136207
What are the prime factors of 966673?
31, 31183
List the prime factors of 261625.
5, 7, 13, 23
List the prime factors of 3024741.
3, 1008247
List the prime factors of 266426.
2, 133213
List the prime factors of 2854937.
67, 42611
What are the prime factors of 736926?
2, 3, 263, 467
What are the prime factors of 4350473?
23, 189151
List the prime factors of 97152.
2, 3, 11, 23
List the prime factors of 5261383.
29, 419, 433
List the prime factors of 3311251.
3311251
List the prime factors of 14358485.
5, 61, 179, 263
What are the prime factors of 829678?
2, 107, 3877
What are the prime factors of 322374?
2, 3, 13, 4133
What are the prime factors of 290393?
290393
What are the prime factor